{"id":967,"date":"2021-06-24T13:07:05","date_gmt":"2021-06-24T16:07:05","guid":{"rendered":"https:\/\/www.collaboratory.utalca.cl\/?page_id=967"},"modified":"2022-04-26T17:45:13","modified_gmt":"2022-04-26T20:45:13","slug":"cuadrado-1-que-es-collaboratory","status":"publish","type":"page","link":"https:\/\/www.collaboratory.utalca.cl\/?page_id=967","title":{"rendered":"\u00bfQu\u00e9 es Collaboratory?"},"content":{"rendered":"\t\t<div data-elementor-type=\"wp-page\" data-elementor-id=\"967\" class=\"elementor elementor-967\" data-elementor-settings=\"[]\">\n\t\t\t\t\t\t\t<div class=\"elementor-section-wrap\">\n\t\t\t\t\t\t\t<section class=\"elementor-section elementor-top-section elementor-element elementor-element-766d675 elementor-section-boxed elementor-section-height-default elementor-section-height-default\" data-id=\"766d675\" data-element_type=\"section\">\n\t\t\t\t\t\t<div class=\"elementor-container elementor-column-gap-default\">\n\t\t\t\t\t<div class=\"elementor-column elementor-col-100 elementor-top-column elementor-element elementor-element-4bbafa0\" data-id=\"4bbafa0\" data-element_type=\"column\">\n\t\t\t<div class=\"elementor-widget-wrap elementor-element-populated\">\n\t\t\t\t\t\t\t\t<div class=\"elementor-element elementor-element-737e6c9 elementor-widget elementor-widget-heading\" data-id=\"737e6c9\" data-element_type=\"widget\" data-widget_type=\"heading.default\">\n\t\t\t\t<div class=\"elementor-widget-container\">\n\t\t\t<h2 class=\"elementor-heading-title elementor-size-default\">\u00bfQu\u00e9 es Collaboratory?<\/h2>\t\t<\/div>\n\t\t\t\t<\/div>\n\t\t\t\t\t<\/div>\n\t\t<\/div>\n\t\t\t\t\t\t\t<\/div>\n\t\t<\/section>\n\t\t\t\t<section class=\"elementor-section elementor-top-section elementor-element elementor-element-146724d elementor-section-boxed elementor-section-height-default elementor-section-height-default\" data-id=\"146724d\" data-element_type=\"section\">\n\t\t\t\t\t\t<div class=\"elementor-container elementor-column-gap-default\">\n\t\t\t\t\t<div class=\"elementor-column elementor-col-100 elementor-top-column elementor-element elementor-element-6e705df\" data-id=\"6e705df\" data-element_type=\"column\">\n\t\t\t<div class=\"elementor-widget-wrap elementor-element-populated\">\n\t\t\t\t\t\t\t\t<div class=\"elementor-element elementor-element-29a0a4a elementor-widget elementor-widget-text-editor\" data-id=\"29a0a4a\" data-element_type=\"widget\" data-widget_type=\"text-editor.default\">\n\t\t\t\t<div class=\"elementor-widget-container\">\n\t\t\t\t\t\t\t\t<p><span style=\"font-weight: 400;\">La Embajada de Estados Unidos en Santiago de Chile, con el apoyo del Consejo para la Ciencia, Tecnolog\u00eda e Innovaci\u00f3n entre Chile y los Estados Unidos (EE.UU), cre\u00f3 el proyecto \u201cCollaboratory: Taking Start-ups to Scale-ups in the Global Market\u201d, buscando conectar a actores relevantes del ecosistema de emprendimiento chileno con contrapartes de EE.UU.<\/span><\/p><p><span style=\"font-weight: 400;\">La primera fase estuvo compuesta por actividades presenciales y seis sesiones virtuales, que buscaron formas de replicar buenas pr\u00e1cticas, analizar las estrategias y las acciones necesarias para que los start-ups tecnol\u00f3gicos den un salto global y se transformen en scale-ups. Esto permiti\u00f3 que l\u00edderes de diversas \u00e1reas, como pol\u00edticas p\u00fablicas, inversi\u00f3n, empresas privadas e innovaci\u00f3n pudieran conectar con entidades estadounidenses al compartir sus experiencias creando estrategias exitosas para que start-ups crezcan globalmente.<\/span><\/p><p><span style=\"font-weight: 400;\">\u00a0\u00a0\u00a0\u00a0\u00a0\u00a0<\/span> <span style=\"font-weight: 400;\">La segunda fase busc\u00f3 tomar las experiencias de los participantes chilenos del Collaboratory, del programa YLAI y otros actores relevantes del ecosistema de emprendimiento para conocer su percepci\u00f3n sobre la realidad nacional de cara al emprendimiento escalable globalmente.<\/span><\/p>\t\t\t\t\t\t<\/div>\n\t\t\t\t<\/div>\n\t\t\t\t\t<\/div>\n\t\t<\/div>\n\t\t\t\t\t\t\t<\/div>\n\t\t<\/section>\n\t\t\t\t<section class=\"elementor-section elementor-top-section elementor-element elementor-element-e454914 elementor-section-boxed elementor-section-height-default elementor-section-height-default\" data-id=\"e454914\" data-element_type=\"section\">\n\t\t\t\t\t\t<div class=\"elementor-container elementor-column-gap-default\">\n\t\t\t\t\t<div class=\"elementor-column elementor-col-33 elementor-top-column elementor-element elementor-element-938122b\" data-id=\"938122b\" data-element_type=\"column\">\n\t\t\t<div class=\"elementor-widget-wrap\">\n\t\t\t\t\t\t\t\t\t<\/div>\n\t\t<\/div>\n\t\t\t\t<div class=\"elementor-column elementor-col-33 elementor-top-column elementor-element elementor-element-cc611b7\" data-id=\"cc611b7\" data-element_type=\"column\">\n\t\t\t<div class=\"elementor-widget-wrap elementor-element-populated\">\n\t\t\t\t\t\t\t\t<div class=\"elementor-element elementor-element-841e25b elementor-aspect-ratio-169 elementor-widget elementor-widget-video\" data-id=\"841e25b\" data-element_type=\"widget\" data-settings=\"{&quot;youtube_url&quot;:&quot;https:\\\/\\\/www.youtube.com\\\/watch?v=XHOmBV4js_E&quot;,&quot;video_type&quot;:&quot;youtube&quot;,&quot;controls&quot;:&quot;yes&quot;,&quot;aspect_ratio&quot;:&quot;169&quot;}\" data-widget_type=\"video.default\">\n\t\t\t\t<div class=\"elementor-widget-container\">\n\t\t\t\t\t<div class=\"elementor-wrapper elementor-fit-aspect-ratio elementor-open-inline\">\n\t\t\t<div class=\"elementor-video\"><\/div>\t\t<\/div>\n\t\t\t\t<\/div>\n\t\t\t\t<\/div>\n\t\t\t\t\t<\/div>\n\t\t<\/div>\n\t\t\t\t<div class=\"elementor-column elementor-col-33 elementor-top-column elementor-element elementor-element-9041159\" data-id=\"9041159\" data-element_type=\"column\">\n\t\t\t<div class=\"elementor-widget-wrap\">\n\t\t\t\t\t\t\t\t\t<\/div>\n\t\t<\/div>\n\t\t\t\t\t\t\t<\/div>\n\t\t<\/section>\n\t\t\t\t<section class=\"elementor-section elementor-top-section elementor-element elementor-element-55cea93 elementor-section-boxed elementor-section-height-default elementor-section-height-default\" data-id=\"55cea93\" data-element_type=\"section\">\n\t\t\t\t\t\t<div class=\"elementor-container elementor-column-gap-default\">\n\t\t\t\t\t<div class=\"elementor-column elementor-col-100 elementor-top-column elementor-element elementor-element-d090409\" data-id=\"d090409\" data-element_type=\"column\">\n\t\t\t<div class=\"elementor-widget-wrap elementor-element-populated\">\n\t\t\t\t\t\t\t\t<div class=\"elementor-element elementor-element-5f46cdb elementor-widget elementor-widget-spacer\" data-id=\"5f46cdb\" data-element_type=\"widget\" data-widget_type=\"spacer.default\">\n\t\t\t\t<div class=\"elementor-widget-container\">\n\t\t\t\t\t<div class=\"elementor-spacer\">\n\t\t\t<div class=\"elementor-spacer-inner\"><\/div>\n\t\t<\/div>\n\t\t\t\t<\/div>\n\t\t\t\t<\/div>\n\t\t\t\t\t<\/div>\n\t\t<\/div>\n\t\t\t\t\t\t\t<\/div>\n\t\t<\/section>\n\t\t\t\t<section class=\"elementor-section elementor-top-section elementor-element elementor-element-90817a3 elementor-section-boxed elementor-section-height-default elementor-section-height-default\" data-id=\"90817a3\" data-element_type=\"section\">\n\t\t\t\t\t\t<div class=\"elementor-container elementor-column-gap-default\">\n\t\t\t\t\t<div class=\"elementor-column elementor-col-100 elementor-top-column elementor-element elementor-element-d3a8ba3\" data-id=\"d3a8ba3\" data-element_type=\"column\">\n\t\t\t<div class=\"elementor-widget-wrap elementor-element-populated\">\n\t\t\t\t\t\t\t\t<div class=\"elementor-element elementor-element-b5fd85e elementor-widget elementor-widget-heading\" data-id=\"b5fd85e\" data-element_type=\"widget\" data-widget_type=\"heading.default\">\n\t\t\t\t<div class=\"elementor-widget-container\">\n\t\t\t<h2 class=\"elementor-heading-title elementor-size-default\">Participantes Internacionales<\/h2>\t\t<\/div>\n\t\t\t\t<\/div>\n\t\t\t\t\t<\/div>\n\t\t<\/div>\n\t\t\t\t\t\t\t<\/div>\n\t\t<\/section>\n\t\t\t\t<section class=\"elementor-section elementor-top-section elementor-element elementor-element-e7db29f elementor-section-boxed elementor-section-height-default elementor-section-height-default\" data-id=\"e7db29f\" data-element_type=\"section\">\n\t\t\t\t\t\t<div class=\"elementor-container elementor-column-gap-default\">\n\t\t\t\t\t<div class=\"elementor-column elementor-col-33 elementor-top-column elementor-element elementor-element-c9a6844\" data-id=\"c9a6844\" data-element_type=\"column\">\n\t\t\t<div class=\"elementor-widget-wrap elementor-element-populated\">\n\t\t\t\t\t\t\t\t<div class=\"elementor-element elementor-element-76067ad elementor-widget elementor-widget-image\" data-id=\"76067ad\" data-element_type=\"widget\" data-widget_type=\"image.default\">\n\t\t\t\t<div class=\"elementor-widget-container\">\n\t\t\t\t\t\t\t\t\t\t\t\t<figure class=\"wp-caption\">\n\t\t\t\t\t\t\t\t\t\t\t<a href=\"https:\/\/drexel.edu\/baiada\/\" target=\"_blank\">\n\t\t\t\t\t\t\t<img width=\"512\" height=\"342\" src=\"https:\/\/www.collaboratory.utalca.cl\/wp-content\/uploads\/2022\/04\/Charles_Sacco.jpg\" class=\"attachment-large size-large\" alt=\"\" loading=\"lazy\" srcset=\"https:\/\/www.collaboratory.utalca.cl\/wp-content\/uploads\/2022\/04\/Charles_Sacco.jpg 512w, https:\/\/www.collaboratory.utalca.cl\/wp-content\/uploads\/2022\/04\/Charles_Sacco-300x200.jpg 300w\" sizes=\"(max-width: 512px) 100vw, 512px\" \/>\t\t\t\t\t\t\t\t<\/a>\n\t\t\t\t\t\t\t\t\t\t\t<figcaption class=\"widget-image-caption wp-caption-text\">Charles Sacco, Drexel University<\/figcaption>\n\t\t\t\t\t\t\t\t\t\t<\/figure>\n\t\t\t\t\t\t\t\t\t<\/div>\n\t\t\t\t<\/div>\n\t\t\t\t\t<\/div>\n\t\t<\/div>\n\t\t\t\t<div class=\"elementor-column elementor-col-33 elementor-top-column elementor-element elementor-element-05258a5\" data-id=\"05258a5\" data-element_type=\"column\">\n\t\t\t<div class=\"elementor-widget-wrap elementor-element-populated\">\n\t\t\t\t\t\t\t\t<div class=\"elementor-element elementor-element-e2e606d elementor-widget elementor-widget-image\" data-id=\"e2e606d\" data-element_type=\"widget\" data-widget_type=\"image.default\">\n\t\t\t\t<div class=\"elementor-widget-container\">\n\t\t\t\t\t\t\t\t\t\t\t\t<figure class=\"wp-caption\">\n\t\t\t\t\t\t\t\t\t\t\t<a href=\"https:\/\/www.qanopygroup.com\/\" target=\"_blank\">\n\t\t\t\t\t\t\t<img width=\"483\" height=\"384\" src=\"https:\/\/www.collaboratory.utalca.cl\/wp-content\/uploads\/2022\/04\/Robert_Pearlstein-e1651003494428.png\" class=\"attachment-large size-large\" alt=\"\" loading=\"lazy\" \/>\t\t\t\t\t\t\t\t<\/a>\n\t\t\t\t\t\t\t\t\t\t\t<figcaption class=\"widget-image-caption wp-caption-text\">Robert Pearlstein, Qanopy Group<\/figcaption>\n\t\t\t\t\t\t\t\t\t\t<\/figure>\n\t\t\t\t\t\t\t\t\t<\/div>\n\t\t\t\t<\/div>\n\t\t\t\t\t<\/div>\n\t\t<\/div>\n\t\t\t\t<div class=\"elementor-column elementor-col-33 elementor-top-column elementor-element elementor-element-cf8a9c0\" data-id=\"cf8a9c0\" data-element_type=\"column\">\n\t\t\t<div class=\"elementor-widget-wrap elementor-element-populated\">\n\t\t\t\t\t\t\t\t<div class=\"elementor-element elementor-element-a2c224e elementor-widget elementor-widget-image\" data-id=\"a2c224e\" data-element_type=\"widget\" data-widget_type=\"image.default\">\n\t\t\t\t<div class=\"elementor-widget-container\">\n\t\t\t\t\t\t\t\t\t\t\t\t<figure class=\"wp-caption\">\n\t\t\t\t\t\t\t\t\t\t\t<a href=\"https:\/\/www.charrette.us\/\" target=\"_blank\">\n\t\t\t\t\t\t\t<img width=\"260\" height=\"234\" src=\"https:\/\/www.collaboratory.utalca.cl\/wp-content\/uploads\/2022\/04\/Gary_Bolles.png\" class=\"attachment-large size-large\" alt=\"\" loading=\"lazy\" \/>\t\t\t\t\t\t\t\t<\/a>\n\t\t\t\t\t\t\t\t\t\t\t<figcaption class=\"widget-image-caption wp-caption-text\">Gary Bowles, Charette LLC\/eParachute<\/figcaption>\n\t\t\t\t\t\t\t\t\t\t<\/figure>\n\t\t\t\t\t\t\t\t\t<\/div>\n\t\t\t\t<\/div>\n\t\t\t\t\t<\/div>\n\t\t<\/div>\n\t\t\t\t\t\t\t<\/div>\n\t\t<\/section>\n\t\t\t\t<section class=\"elementor-section elementor-top-section elementor-element elementor-element-282e356 elementor-section-boxed elementor-section-height-default elementor-section-height-default\" data-id=\"282e356\" data-element_type=\"section\">\n\t\t\t\t\t\t<div class=\"elementor-container elementor-column-gap-default\">\n\t\t\t\t\t<div class=\"elementor-column elementor-col-33 elementor-top-column elementor-element elementor-element-28fbed9\" data-id=\"28fbed9\" data-element_type=\"column\">\n\t\t\t<div class=\"elementor-widget-wrap elementor-element-populated\">\n\t\t\t\t\t\t\t\t<div class=\"elementor-element elementor-element-a566857 elementor-widget elementor-widget-image\" data-id=\"a566857\" data-element_type=\"widget\" data-widget_type=\"image.default\">\n\t\t\t\t<div class=\"elementor-widget-container\">\n\t\t\t\t\t\t\t\t\t\t\t\t<figure class=\"wp-caption\">\n\t\t\t\t\t\t\t\t\t\t\t<a href=\"https:\/\/sparkz.energy\/about\/\" target=\"_blank\">\n\t\t\t\t\t\t\t<img width=\"595\" height=\"434\" src=\"https:\/\/www.collaboratory.utalca.cl\/wp-content\/uploads\/2022\/04\/Sanjiv_Malhotra.png\" class=\"attachment-large size-large\" alt=\"\" loading=\"lazy\" srcset=\"https:\/\/www.collaboratory.utalca.cl\/wp-content\/uploads\/2022\/04\/Sanjiv_Malhotra.png 595w, https:\/\/www.collaboratory.utalca.cl\/wp-content\/uploads\/2022\/04\/Sanjiv_Malhotra-300x219.png 300w\" sizes=\"(max-width: 595px) 100vw, 595px\" \/>\t\t\t\t\t\t\t\t<\/a>\n\t\t\t\t\t\t\t\t\t\t\t<figcaption class=\"widget-image-caption wp-caption-text\">Sanjiv Malhotra, AUI Ventures\/SPARKZ<\/figcaption>\n\t\t\t\t\t\t\t\t\t\t<\/figure>\n\t\t\t\t\t\t\t\t\t<\/div>\n\t\t\t\t<\/div>\n\t\t\t\t\t<\/div>\n\t\t<\/div>\n\t\t\t\t<div class=\"elementor-column elementor-col-33 elementor-top-column elementor-element elementor-element-05540c0\" data-id=\"05540c0\" data-element_type=\"column\">\n\t\t\t<div class=\"elementor-widget-wrap elementor-element-populated\">\n\t\t\t\t\t\t\t\t<div class=\"elementor-element elementor-element-83b14d5 elementor-widget elementor-widget-image\" data-id=\"83b14d5\" data-element_type=\"widget\" data-widget_type=\"image.default\">\n\t\t\t\t<div class=\"elementor-widget-container\">\n\t\t\t\t\t\t\t\t\t\t\t\t<figure class=\"wp-caption\">\n\t\t\t\t\t\t\t\t\t\t\t<a href=\"https:\/\/www.draperuniversity.com\/\" target=\"_blank\">\n\t\t\t\t\t\t\t<img width=\"532\" height=\"483\" src=\"https:\/\/www.collaboratory.utalca.cl\/wp-content\/uploads\/2022\/04\/Juan_Acosta.png\" class=\"attachment-large size-large\" alt=\"\" loading=\"lazy\" srcset=\"https:\/\/www.collaboratory.utalca.cl\/wp-content\/uploads\/2022\/04\/Juan_Acosta.png 532w, https:\/\/www.collaboratory.utalca.cl\/wp-content\/uploads\/2022\/04\/Juan_Acosta-300x272.png 300w\" sizes=\"(max-width: 532px) 100vw, 532px\" \/>\t\t\t\t\t\t\t\t<\/a>\n\t\t\t\t\t\t\t\t\t\t\t<figcaption class=\"widget-image-caption wp-caption-text\">Juan Acosta, Draper University of Heroes<\/figcaption>\n\t\t\t\t\t\t\t\t\t\t<\/figure>\n\t\t\t\t\t\t\t\t\t<\/div>\n\t\t\t\t<\/div>\n\t\t\t\t\t<\/div>\n\t\t<\/div>\n\t\t\t\t<div class=\"elementor-column elementor-col-33 elementor-top-column elementor-element elementor-element-1cabec6\" data-id=\"1cabec6\" data-element_type=\"column\">\n\t\t\t<div class=\"elementor-widget-wrap elementor-element-populated\">\n\t\t\t\t\t\t\t\t<div class=\"elementor-element elementor-element-45d6989 elementor-widget elementor-widget-image\" data-id=\"45d6989\" data-element_type=\"widget\" data-widget_type=\"image.default\">\n\t\t\t\t<div class=\"elementor-widget-container\">\n\t\t\t\t\t\t\t\t\t\t\t\t<figure class=\"wp-caption\">\n\t\t\t\t\t\t\t\t\t\t\t<a href=\"https:\/\/www.berkeley.edu\/\" target=\"_blank\">\n\t\t\t\t\t\t\t<img width=\"665\" height=\"567\" src=\"https:\/\/www.collaboratory.utalca.cl\/wp-content\/uploads\/2022\/04\/Leah_Edwards.png\" class=\"attachment-large size-large\" alt=\"\" loading=\"lazy\" srcset=\"https:\/\/www.collaboratory.utalca.cl\/wp-content\/uploads\/2022\/04\/Leah_Edwards.png 665w, https:\/\/www.collaboratory.utalca.cl\/wp-content\/uploads\/2022\/04\/Leah_Edwards-300x256.png 300w\" sizes=\"(max-width: 665px) 100vw, 665px\" \/>\t\t\t\t\t\t\t\t<\/a>\n\t\t\t\t\t\t\t\t\t\t\t<figcaption class=\"widget-image-caption wp-caption-text\">Leah Edwards, UC Berkley<\/figcaption>\n\t\t\t\t\t\t\t\t\t\t<\/figure>\n\t\t\t\t\t\t\t\t\t<\/div>\n\t\t\t\t<\/div>\n\t\t\t\t\t<\/div>\n\t\t<\/div>\n\t\t\t\t\t\t\t<\/div>\n\t\t<\/section>\n\t\t\t\t\t\t<\/div>\n\t\t\t\t\t<\/div>\n\t\t","protected":false},"excerpt":{"rendered":"<p>\u00bfQu\u00e9 es Collaboratory? La Embajada de Estados Unidos en Santiago de Chile, con el apoyo del Consejo para la Ciencia, Tecnolog\u00eda e Innovaci\u00f3n entre Chile y los Estados Unidos (EE.UU), cre\u00f3 el proyecto \u201cCollaboratory: Taking Start-ups to Scale-ups in the Global Market\u201d, buscando conectar a actores relevantes del ecosistema de emprendimiento chileno con contrapartes de [&hellip;]<\/p>\n","protected":false},"author":1,"featured_media":0,"parent":0,"menu_order":0,"comment_status":"closed","ping_status":"closed","template":"","meta":[],"_links":{"self":[{"href":"https:\/\/www.collaboratory.utalca.cl\/index.php?rest_route=\/wp\/v2\/pages\/967"}],"collection":[{"href":"https:\/\/www.collaboratory.utalca.cl\/index.php?rest_route=\/wp\/v2\/pages"}],"about":[{"href":"https:\/\/www.collaboratory.utalca.cl\/index.php?rest_route=\/wp\/v2\/types\/page"}],"author":[{"embeddable":true,"href":"https:\/\/www.collaboratory.utalca.cl\/index.php?rest_route=\/wp\/v2\/users\/1"}],"replies":[{"embeddable":true,"href":"https:\/\/www.collaboratory.utalca.cl\/index.php?rest_route=%2Fwp%2Fv2%2Fcomments&post=967"}],"version-history":[{"count":57,"href":"https:\/\/www.collaboratory.utalca.cl\/index.php?rest_route=\/wp\/v2\/pages\/967\/revisions"}],"predecessor-version":[{"id":1655,"href":"https:\/\/www.collaboratory.utalca.cl\/index.php?rest_route=\/wp\/v2\/pages\/967\/revisions\/1655"}],"wp:attachment":[{"href":"https:\/\/www.collaboratory.utalca.cl\/index.php?rest_route=%2Fwp%2Fv2%2Fmedia&parent=967"}],"curies":[{"name":"wp","href":"https:\/\/api.w.org\/{rel}","templated":true}]}}